ermine b(p).
-1
Let i(s) be the second derivative of s**6/180 + s**5/40 + s**4/12 + 49*s**3/6 - 5*s + 1. Let m(f) be the second derivative of i(f). Calculate m(-3).
11
Let a(n) be the third derivative of -n**6/120 - n**5/60 + 19*n**4/24 + n**3/6 + 6007*n**2. What is a(-6)?
67
Let q(c) = -1872*c**2 + 3750*c**2 - 1876*c**2 + 23*c - 13. Calculate q(-12).
-1
Let n(j) = -3*j - 3*j + 103 + 0*j - 95 + 5*j. Let v(l) = l + 9. Let d be v(0). Give n(d).
-1
Let t be (-5)/(1*-1 - 72/(-63)). Suppose 0 = -0*w + 3*w + 15. Let d be (-7)/t + 51/w. Let g(h) = h**3 + 10*h**2 - 4. What is g(d)?
-4
Let u(f) be the third derivative of -3/8*f**4 + 2*f**3 + 13*f**2 + 1/60*f**5 + 0*f + 2. What is u(6)?
-6
Let c(g) = 9*g + 38. Let w(t) = t**3 - 13*t**2 + 35*t + 20. Let i be w(5). Give c(i).
-7
Let n = 1773 + -1777. Let g(v) be the second derivative of -v**5/20 - v**4/6 + 7*v**3/6 + v**2 + v - 24. What is g(n)?
6
Let y(f) = -f**3 + 5*f**2 + 4*f. Let c be y(6). Let l(n) = n**2 + 10*n + 8*n**2 + n**2 - 9*n**2 - 14. What is l(c)?
10
Let j(q) be the first derivative of -q**3/3 - 3*q**2 + 12*q + 533. Give j(-11).
-43
Let a(r) = 2*r**2 + 83 - 44 - 16*r + r**2 - 5*r**2 + r**2. What is a(-19)?
-18
Let d(j) = 19*j**2 + 43*j + 10. Let x(m) = -7*m**2 - 15*m - 4. Let y(t) = 3*d(t) + 8*x(t). Let r = -71 - -61. What is y(r)?
8
Let i(o) = -34*o**2 + 15*o**2 + 3*o**2 + 10 - 9*o + 9*o**2 + 10*o**2. Determine i(5).
40
Let p(r) be the third derivative of -r**6/120 - r**5/3 - 2*r**4/3 + 13*r**3/3 - 59*r**2 + 8*r + 2. What is p(-19)?
-31
Let r(l) = -7*l + 10. Let k(p) = -15*p + 23. Let a(t) = -4*k(t) + 9*r(t). Let x be ((-2)/3)/((-8)/(-36)). Determine a(x).
7
Suppose -80 + 48 = -2*m - 4*g, -4*m = g - 29. Let v(z) = -z**3 + 9*z**2 - 13*z + 10. Give v(m).
40
Let b(w) = -57 + 101 - 8*w - 15 - 46. Calculate b(-4).
15
Let c(f) be the second derivative of 16*f - 1/3*f**3 + 0*f**4 + 1/180*f**6 + 1/40*f**5 + 0*f**2 + 0. Let h(y) be the second derivative of c(y). Give h(-2).
2
Let u(o) = -40*o - 1296. Let h be u(-32). Let j(m) = 4*m + 8. Determine j(h).
-56
Let s be (5/(-5))/6 + 248/48. Let n(i) = -2*i + 2*i - s*i - i**2 - 2 + i. What is n(-5)?
-7
Let c(n) = n**3 + 23*n**2 + 112*n + 4. Let u be (-252)/24 + 12 + (-315)/18. Give c(u).
4
Let y(c) = -11*c - 55. Let l be y(-5). Suppose l = -5*q - 5*x - 83 + 18, -4*x = 20. Let r(i) = i + 2. Calculate r(q).
-6
Let t be (-332)/(-498) - 4/6. Let i(k) = k**2 + 14*k - 39. Give i(t).
-39
Let v(n) = -n**2 + 8*n + 8. Let w = 397 + -393. Suppose 7*f + 33 = 4*r + w*f, -2*f - 34 = -4*r. Give v(r).
-1
Let n(z) = -z**3 + 9*z**2 + 4*z - 1. Let q(o) = -2*o**3 + 17*o**2 + 8*o - 2. Let b be -14*6*((-64)/28)/4. Let c = 59 - b. Let s(h) = c*n(h) - 6*q(h). Give s(3).
-11
Suppose -5*k = -12*k + 154. Let y(q) = -q**2 + 17*q + 116. What is y(k)?
6
Suppose z - 45 = -4*t - 0*z, -9 = -t - z. Suppose 23*j - 26*j = -t. Let g be 0 + 1*-2 + j + 5. Let w(h) = h**3 - 7*h**2 + 9. Determine w(g).
9
Let y(w) = -w**2 + 26*w - 88. Suppose 0 = -7*c - 8 + 64 + 98. What is y(c)?
0
Let w(c) be the first derivative of -4*c**2 - 12*c + 298. Suppose -x + 15*x = -28. Determine w(x).
4
Let b(c) = c**2 + 8*c + 9. Let q(r) = -r**2 + 10*r - 7. Let k be q(9). Suppose -2*v = k*f - 4*v - 36, 4*v = -4*f + 40. Let o = 8 - f. Determine b(o).
-3
Let m(g) = -g**2 + 15*g + 20. Let f be m(16). Let n(l) = l + 2*l - l**2 + f - 5 + 5. Give n(4).
0
Let i(x) = -7 + 0 + 62 + 5*x - 20 - 3*x. Let b be i(-25). Let d(c) = -c**3 - 15*c**2 + c + 10. Give d(b).
-5
Let u(y) = y**3 + 4*y**2 + 2*y - 1. Let h be u(-2). Suppose -4*i - 12 = 0, 1 + 2 = 5*p + 4*i. Let w(m) = 9 + 2*m**2 - 4*m - 7 + 2*m**2 - m**p. What is w(h)?
-1
Let o(d) = -29*d - 694. Let w(j) = 37*j + 883. Let n(b) = -14*o(b) - 11*w(b). Suppose h = 7 - 0. Calculate n(h).
-4
Let u(b) = 8*b + 1. Suppose 31 - 36 = 5*m, -k = 3*m + 261. Let q = -254 - k. Calculate u(q).
33
Let p be ((-176)/55)/(2/5). Let m(c) be the first derivative of c**3/3 + 4*c**2 - 8*c - 407. Determine m(p).
-8
Let a(v) = -159*v - 264. Let p(q) = 38*q + 66. Let k(y) = -5*a(y) - 21*p(y). Determine k(-18).
-12
Let u(n) = n + 516 + 516 - 2*n - 1032. Let i(l) = -l**3 + 2*l**2 + 5*l - 6. Let s be i(4). Let c = s - -11. Calculate u(c).
7
Let w = 89 - 69. Let c(z) = 28 - w + 4*z + 12*z - 5. Calculate c(-2).
-29
Let b(q) be the second derivative of q**5/20 + q**4/2 - 4*q**3/3 - 5*q**2 - 16*q. Suppose -6*k + 13*k = 35. Suppose -31 = k*g + 4. Give b(g).
-3
Let s(d) = 62*d + 8. Let j(q) = 235*q + 31. Let r(a) = 3*j(a) - 11*s(a). Give r(-5).
-110
Suppose 5*l + 136 = -4*c, 4*l - 14*c + 13*c = -134. Let g(s) = 12*s + 390. What is g(l)?
6
Let z(w) be the first derivative of 3*w**2/2 + 7*w - 51. Let c = -35 - -30. Determine z(c).
-8
Let l(i) be the first derivative of -i**4/4 + 7*i**3/3 + i**2/2 - 8*i - 3772. Give l(7).
-1
Let q(w) = -30*w**2 - 20*w - 29. Let g(m) = 81*m**2 + 60*m + 86. Let o(k) = 3*g(k) + 8*q(k). Calculate o(-7).
33
Let r(o) be the first derivative of o**5/40 - o**4/2 - 77*o**3/3 + 214. Let v(a) be the third derivative of r(a). Determine v(9).
15
Suppose -41*i + 45*i = -5*y + 12, 0 = -2*i - 5*y - 4. Let q(t) = t**3 - 9*t**2 + 18*t - 86. Give q(i).
-6
Let w(x) be the third derivative of 0 - 1/12*x**4 + 1/60*x**5 - 7/6*x**3 - 68*x**2 + 0*x. What is w(3)?
-4
Let f(k) = -7*k**2 - 91*k + 1. Let n(h) = -5*h**2 + h + 1. Let u(j) = -f(j) + n(j). Give u(-46).
0
Let o be (6 - 4)/(((-20)/35)/2). Let s(g) = g**2 + 6*g - 9. What is s(o)?
-2
Let n(v) = -15*v + 18 + 2 + 62*v**2 - 61*v**2. Determine n(14).
6
Let i(b) = 3*b**2 - 124*b - 2326. Let p be i(-14). Let f(a) = -7*a**2 - 6*a + 4. Let v(q) = -q**2 - q + 1. Let n(w) = f(w) - 4*v(w). Give n(p).
-8
Suppose 6 + 6 = 3*f + 3*s, -2*s = 6. Let u be (-1)/7 + 1/f + 0. Let d(c) = -c**2 - c + 4. Give d(u).
4
Let j be -6*(-5 - (7 - -2)). Suppose 11*s = j + 26. Let b(w) = -w**2 + 9*w - 14. Give b(s).
-24
Suppose 573 = -4*d - 171. Let c = d + 181. Let m(f) = 2*f - 5. What is m(c)?
-15
Let y(b) = 60*b + 101. Let w(d) = -22*d - 35. Let j(m) = -11*w(m) - 4*y(m). Give j(6).
-7
Let a(y) be the first derivative of y**2/2 - 45*y - 5629. Calculate a(40).
-5
Let b = -24 - -27. Suppose -15 = -b*w - 0*w. Let v(h) = -9 + w*h - 9 + 10 - 2*h. What is v(7)?
13
Let f(m) = 6*m**2 + 3. Let z(r) = -98 - 2*r**2 + r + 97 - r. Let b(t) = -2*f(t) - 7*z(t). Calculate b(-2).
9
Let v(z) = -2*z**2 - 16*z - 5. Let h be v(-11). Let s = h + 64. Let q(j) = j**3 + 8*j**2 + 8*j + 3. Calculate q(s).
-4
Let o(n) = -n - 21. Let q(p) = -2*p**3 - 82*p**2 + 4*p + 144. Let h be q(-41). Calculate o(h).
-1
Let n(m) = m**3 - 5*m**2 + 5*m + 5. Suppose 119*k - 67 = 409. Determine n(k).
9
Let f(o) = -5*o. Let r(w) = -4*w + 1. Let s(c) be the third derivative of c**4/6 - 4*c**3/3 + 22*c**2. Let z be s(3). Let b(l) = z*r(l) - 3*f(l). Give b(-3).
7
Let n(i) = 2*i - 32. Let f be n(19). Let b(a) = -5*a - 10. Let o(t) = -t - 1. Let d(s) = f*o(s) - b(s). Suppose 18 = -22*u + 25*u. Determine d(u).
-2
Let v be 18/1008*-21 + (-46)/(-120). Let h(t) be the third derivative of -1/15*t**5 - v*t**6 + 0 + 9*t**2 + 0*t - 1/8*t**4 - t**3. Determine h(-4).
6
Let b be (-270)/180*(-1 + 3) + 16. Let h(j) = j**3 - 15*j**2 + 21*j + 51. Give h(b).
-14
Let i(b) = -b - 3. Let a(f) = 2*f + 7. Let x be a(-5). Let y be (x/4)/(12/(-672)). Let j be (6/4)/((y/20)/7). What is i(j)?
-8
Let g(u) = -94*u - 124. Let f(l) = 213*l + 280. Let p(w) = -4*f(w) - 9*g(w). Let s(x) = x**3 - 3*x**2 + 3*x - 4. Let a be s(3). Calculate p(a).
-34
Let l(t) be the third derivative of -t**5/60 - t**4/12 + t**3 + 271*t**2 - 7*t + 2. Give l(14).
-218
Let n(b) be the first derivative of -11*b**2/2 + 27*b + 213. Let d(s) = 19*s - 52. Let g(k) = -3*d(k) - 5*n(k). What is g(10)?
1
Suppose -19*v + 25*v = 6. Let t(z) = -z**2 - 12*z - 13. Let j(f) = f - 2. Let m(l) = v*t(l) - 2*j(l). Determine m(-13).
4
Let o be (-9)/3 + 6 - -5. Let x(a) = -13 + a + 6*a + 9 - o*a. Give x(-9).
5
Let k be (100 - 97)*3/(1 - -2) + 9. Let a(p) = p**3 - 13*p**2 + 12*p + 8. Determine a(k).
8
Let f(w) be the second derivative of -w**8/6720 - w**7/630 + w**6/720 + w**5/60 - 61*w**4/12 + 114*w. Let r(y) be the third derivative of f(y). Determine r(-3).
-10
Let b(i) be the second derivative of -3*i**3/2 + 20*i**2 + 789*i. Determine b(5).
-5
Let k(y) be the third derivative of -y**6/240 - y**5/10 - 43